or of 399370 and 200?
10
Calculate the greatest common divisor of 1027 and 632.
79
Calculate the greatest common factor of 76477 and 516739.
31
Calculate the greatest common factor of 14160950 and 122475.
1775
Calculate the greatest common factor of 2768 and 5285842.
346
Calculate the highest common factor of 8960 and 551530.
70
Calculate the highest common divisor of 7985 and 29020.
5
Calculate the highest common factor of 7803 and 1977338.
289
What is the highest common divisor of 1587 and 3970685109?
1587
Calculate the greatest common divisor of 188409403 and 91.
91
Calculate the greatest common divisor of 229419 and 609.
87
Calculate the highest common factor of 386679 and 7869.
183
What is the greatest common factor of 6386384 and 32?
16
Calculate the highest common factor of 44 and 110846054.
22
Calculate the highest common factor of 38872384 and 448.
64
What is the greatest common factor of 195750 and 45750?
750
What is the highest common factor of 5416 and 28676366?
1354
Calculate the highest common divisor of 318 and 1069446.
6
What is the greatest common factor of 1785385 and 1305?
145
What is the greatest common factor of 327702340 and 555?
185
Calculate the greatest common factor of 2184 and 1828.
4
Calculate the greatest common factor of 3537371 and 40842.
2269
Calculate the highest common divisor of 1144 and 237887.
13
What is the highest common factor of 212 and 5697812?
4
Calculate the highest common divisor of 875 and 429380.
35
What is the greatest common divisor of 44501496 and 63232?
1976
Calculate the greatest common factor of 3502930 and 10.
10
Calculate the greatest common divisor of 1269 and 264249.
27
What is the highest common divisor of 4676 and 162834?
14
What is the highest common factor of 692450116 and 2152?
1076
What is the greatest common factor of 17870085 and 54?
27
What is the highest common divisor of 679052 and 13189?
121
Calculate the highest common factor of 138996 and 168102.
594
Calculate the highest common factor of 184460 and 130236780.
8020
Calculate the greatest common factor of 1651 and 120877965.
1651
What is the greatest common divisor of 1252 and 44946487?
313
What is the greatest common divisor of 121146 and 2536122?
1986
Calculate the greatest common factor of 68 and 48443506.
34
What is the greatest common divisor of 310 and 2200070?
310
What is the greatest common divisor of 728 and 226518264?
56
Calculate the greatest common divisor of 52270 and 4570.
10
Calculate the greatest common divisor of 105078 and 339288.
1266
What is the greatest common factor of 6928306 and 770?
154
What is the highest common factor of 58828 and 153373?
2101
What is the highest common divisor of 2778 and 19030226?
926
What is the highest common divisor of 280184 and 616?
8
Calculate the greatest common divisor of 9092608 and 472.
472
What is the highest common divisor of 8400 and 25513040?
560
What is the greatest common divisor of 543578 and 2513338?
1894
What is the highest common divisor of 2930 and 5800130?
10
Calculate the greatest common factor of 615116991 and 276.
69
What is the greatest common divisor of 17 and 19640563?
1
Calculate the highest common factor of 13507267 and 268.
67
Calculate the highest common factor of 161959530 and 30.
30
What is the greatest common factor of 1185 and 133957535?
395
Calculate the highest common divisor of 71978858 and 14.
14
Calculate the highest common factor of 23139276 and 135372.
4668
What is the highest common divisor of 953810 and 3915?
145
What is the highest common divisor of 4551 and 259703?
37
Calculate the highest common factor of 45516 and 2973.
3
Calculate the highest common factor of 58374 and 772662.
138
What is the greatest common factor of 4908 and 532387938?
2454
What is the highest common divisor of 103587 and 86802767?
3139
What is the highest common factor of 1814 and 275995565?
907
Calculate the greatest common factor of 2 and 1650554.
2
Calculate the highest common factor of 1572516 and 14668.
76
What is the highest common factor of 147691149 and 12?
3
Calculate the highest common divisor of 685584 and 14481904.
8464
What is the highest common factor of 1116 and 919788228?
1116
Calculate the highest common factor of 906 and 519996.
6
Calculate the greatest common factor of 219 and 581487486.
219
What is the greatest common factor of 96 and 166574508?
12
Calculate the highest common factor of 318309498 and 13.
13
What is the greatest common divisor of 210 and 12358794?
42
Calculate the greatest common factor of 19925937 and 1278.
639
What is the greatest common divisor of 252808281 and 1463?
209
Calculate the greatest common factor of 54 and 1008405.
9
What is the highest common factor of 5935845 and 396030?
4605
Calculate the greatest common divisor of 405475 and 2989.
49
What is the highest common divisor of 3213777 and 15684513?
10677
What is the greatest common divisor of 1084053 and 33?
3
Calculate the highest common divisor of 96 and 35148528.
48
What is the greatest common divisor of 80393292 and 308?
28
What is the highest common divisor of 32230 and 836?
22
Calculate the highest common factor of 2714 and 3280582.
46
What is the greatest common factor of 344439788 and 18326?
2618
Calculate the highest common divisor of 228 and 196242.
6
What is the greatest common divisor of 14388 and 36802788?
132
What is the greatest common divisor of 1325 and 123582485?
265
Calculate the highest common divisor of 2832 and 70450248.
1416
What is the highest common divisor of 578179 and 1170099?
1057
Calculate the greatest common factor of 2860 and 159359486.
286
Calculate the greatest common divisor of 947712 and 64000.
512
What is the highest common divisor of 467116 and 460863?
169
What is the greatest common divisor of 507 and 2876981640?
507
Calculate the greatest common divisor of 591273 and 25437.
183
Calculate the greatest common factor of 130011 and 39483.
123
What is the highest common factor of 96759 and 5058?
9
Calculate the greatest common divisor of 301400 and 152977.
11
Calculate the highest common factor of 4376 and 185336.
8
Calculate the highest common factor of 278574920 and 1040.
520
What is the greatest common factor of 369054 and 518?
14
What is the highest common divisor of 272 and 51311219?
17
Calculate the highest common factor of 132625 and 480633.
1061
Calculate the greatest common divisor of 37657302 and 138.
138
Calculate the highest common divisor of 5 and 3770740.
5
Calculate the highest common factor of 18609117 and 28769.
2213
What is the greatest common divisor of 5513500 and 50?
50
Calculate the greatest common factor of 31455581 and 197.
197
Calculate the greatest common divisor of 3465970 and 2204060.
5710
Calculate the highest common factor of 3796554 and 97716.
2874
What is the highest common factor of 2105670 and 719502?
1554
Calculate the greatest common divisor of 17500 and 68700.
100
What is the highest common divisor of 230 and 398105873?
23
What is the highest common factor of 66430 and 19054?
14
What is the highest common factor of 91520 and 87664720?
11440
Calculate the greatest common divisor of 3206 and 49550333.
1603
Calculate the highest common factor of 36 and 3192669.
9
Calculate the highest common divisor of 596 and 236708850.
298
What is the greatest common factor of 2204186 and 482?
482
What is the highest common factor of 10478823 and 38?
19
What is the highest common factor of 811923897 and 138?
69
Calculate the greatest common factor of 30553341 and 2184.
273
What is the highest common divisor of 4814 and 71920?
58
What is the highest common divisor of 351 and 1332409?
13
What is the greatest common divisor of 156888229 and 709?
709
Calculate the highest common factor of 2725820 and 35186.
146
What is the highest common divisor of 28115140 and 80?
20
What is the greatest common divisor of 88369445 and 5555?
505
What is the highest common factor of 186456339 and 18?
9
What is the greatest common divisor of 22048 and 1210144?
416
Calculate the highest common divisor of 131282236 and 5260.
1052
Calculate the highest common divisor of 43992 and 149136.
312
What is the greatest common divisor of 67081155 and 852?
213
Calculate the highest common factor of 774766 and 7004.
206
What is the highest c